se 10?
11
-11 (base 10) to base 4
-23
What is -14 (base 13) in base 9?
-18
-3a (base 13) to base 9
-54
Convert 0 (base 5) to base 4.
0
What is 3 (base 6) in base 14?
3
What is 101 (base 3) in base 16?
a
1 (base 2) to base 10
1
Convert 35 (base 7) to base 5.
101
-6 (base 16) to base 2
-110
What is 16 (base 9) in base 4?
33
-16 (base 10) to base 5
-31
421 (base 5) to base 6
303
What is -a (base 14) in base 10?
-10
Convert 2c (base 16) to base 3.
1122
-3 (base 8) to base 4
-3
What is -210 (base 4) in base 16?
-24
Convert -1203 (base 4) to base 16.
-63
-3 (base 6) to base 5
-3
-34 (base 10) to base 6
-54
What is -201 (base 13) in base 6?
-1323
Convert -2 (base 7) to base 10.
-2
-10 (base 10) to base 6
-14
Convert -183 (base 10) to base 3.
-20210
What is -2 (base 13) in base 12?
-2
Convert c (base 14) to base 7.
15
2 (base 16) to base 2
10
6 (base 7) to base 4
12
What is -4 (base 6) in base 12?
-4
What is 3 (base 9) in base 3?
10
What is 2 (base 7) in base 13?
2
-2 (base 10) to base 5
-2
12031 (base 4) to base 12
291
Convert 4 (base 15) to base 10.
4
Convert -22 (base 6) to base 9.
-15
What is -24 (base 5) in base 8?
-16
Convert 425 (base 6) to base 11.
137
Convert -54 (base 15) to base 6.
-211
Convert 10 (base 4) to base 8.
4
What is 1 (base 6) in base 4?
1
0 (base 10) to base 9
0
What is 100201 (base 3) in base 10?
262
Convert -111 (base 2) to base 13.
-7
Convert -60 (base 16) to base 4.
-1200
1200 (base 4) to base 15
66
Convert 50 (base 16) to base 2.
1010000
Convert -21 (base 10) to base 3.
-210
What is -13 (base 4) in base 16?
-7
What is -152 (base 7) in base 10?
-86
What is 0 (base 4) in base 6?
0
9 (base 12) to base 13
9
Convert 10 (base 4) to base 6.
4
What is 0 (base 3) in base 11?
0
-1110010 (base 2) to base 11
-a4
Convert -1 (base 6) to base 10.
-1
-1110 (base 2) to base 6
-22
What is 110000 (base 2) in base 14?
36
1023 (base 4) to base 12
63
What is -110 (base 2) in base 4?
-12
Convert 1 (base 7) to base 6.
1
What is -4a (base 13) in base 10?
-62
14 (base 7) to base 16
b
Convert 5 (base 14) to base 5.
10
2 (base 7) to base 5
2
What is b6 (base 12) in base 3?
12010
Convert 2 (base 8) to base 5.
2
Convert -270 (base 9) to base 7.
-441
Convert 223 (base 4) to base 3.
1121
0 (base 6) to base 16
0
Convert 43 (base 6) to base 8.
33
What is 6 (base 7) in base 9?
6
What is 3 (base 6) in base 7?
3
Convert 43 (base 10) to base 6.
111
Convert 110 (base 2) to base 10.
6
What is -10 (base 6) in base 10?
-6
Convert 0 (base 13) to base 7.
0
-233 (base 4) to base 5
-142
What is -65 (base 8) in base 13?
-41
What is -233 (base 4) in base 14?
-35
64 (base 16) to base 5
400
Convert -a (base 11) to base 14.
-a
Convert 37 (base 13) to base 6.
114
Convert -23 (base 7) to base 9.
-18
What is -411 (base 6) in base 8?
-227
-52 (base 9) to base 10
-47
Convert 6 (base 9) to base 3.
20
Convert -10111 (base 3) to base 8.
-136
Convert -2 (base 9) to base 12.
-2
Convert 24 (base 16) to base 3.
1100
Convert 11 (base 5) to base 6.
10
Convert 202 (base 5) to base 7.
103
What is -40 (base 6) in base 3?
-220
-1 (base 10) to base 12
-1
What is -2 (base 16) in base 2?
-10
What is -546 (base 7) in base 4?
-10113
What is 1245 (base 6) in base 4?
10331
Convert -10 (base 3) to base 15.
-3
12 (base 5) to base 10
7
Convert 1101011 (base 2) to base 14.
79
13 (base 12) to base 9
16
Convert -1 (base 15) to base 3.
-1
What is -11 (base 2) in base 13?
-3
Convert 3 (base 7) to base 11.
3
Convert 5 (base 11) to base 5.
10
-cb (base 13) to base 7
-326
What is 11 (base 2) in base 12?
3
Convert 1 (base 9) to base 5.
1
What is -34 (base 16) in base 12?
-44
124 (base 12) to base 5
1142
Convert -65 (base 14) to base 15.
-5e
Convert 1120 (base 5) to base 7.
316
102 (base 3) to base 6
15
Convert 5 (base 6) to base 13.
5
What is -a (base 16) in base 12?
-a
Convert 3 (base 11) to base 7.
3
-110022 (base 3) to base 9
-408
Convert -34 (base 13) to base 15.
-2d
10 (base 3) to base 16
3
2 (base 8) to base 15
2
What is -35 (base 13) in base 5?
-134
What is 0 (base 14) in base 10?
0
Convert 2 (base 9) to base 7.
2
1011 (base 2) to base 11
10
96 (base 10) to base 5
341
What is -1 (base 16) in base 4?
-1
What is 1 (base 7) in base 15?
1
What is -16 (base 7) in base 3?
-111
Convert 9 (base 16) to base 8.
11
Convert -8 (base 13) to base 7.
-11
What is 53 (base 9) in base 14?
36
Convert -12 (base 3) to base 16.
-5
-2220 (base 3) to base 5
-303
What is -5 (base 10) in base 3?
-12
Convert 4 (base 11) to base 7.
4
What is 11 (base 12) in base 13?
10
Convert 4 (base 12) to base 11.
4
Convert -53 (base 15) to base 9.
-86
Convert 12 (base 14) to base 7.
22
Convert -111 (base 4) to base 3.
-210
-29 (base 15) to base 13
-30
What is 9 (base 13) in base 7?
12
What is 6 (base 16) in base 5?
11
What is -2220 (base 3) in base 13?
-60
Convert cb (base 14) to base 12.
12b
Convert 5 (base 14) to base 7.
5
Convert -8 (base 16) to base 12.
-8
-1 (base 14) to base 13
-1
-23 (base 4) to base 6
-15
What is -2 (base 11) in base 9?
-2
What is 2122 (base 3) in base 13?
56
What is 554 (base 6) in base 2?
11010110
-2 (base 3) to base 6
-2
Convert 1 (base 9) to base 4.
1
What is 5 (base 14) in base 3?
12
12 (base 5) to base 2
111
Convert 3 (base 14) to base 11.
3
Convert -3 (base 15) to base 13.
-3
Convert -101 (base 2) to base 12.
-5
What is -1 (base 9) in base 6?
-1
2a (base 13) to base 6
100
-15 (base 16) to base 2
-10101
What is -1 (base 5) in base 13?
-1
What is 121 (base 10) in base 15?
81
What is 5 (base 9) in base 8?
5
Convert -10 (base 2) to base 9.
-2
What is 1010 (base 4) in base 14?
4c
Convert 10 (base 9) to base 6.
13
Convert 57 (base 13) to base 10.
72
What is -6 (base 14) in base 2?
-110
2 (base 16) to base 12
2
Convert 14 (base 9) to base 12.
11
Convert 133 (base 8) to base 5.
331
-41 (base 12) to base 15
-34
Convert -5 (base 6) to base 15.
-5
3 (base 15) to base 11
3
0 (base 13) to base 11
0
Convert 0 (base 7) to base 5.
0
Convert -10 (base 5) to base 7.
-5
Convert -3 (base 12) to base 8.
-3
Convert 1 (base 6) to base 12.
1
-1222 (base 5) to base 2
-10111011
120 (base 4) to base 3
220
-1010 (base 6) to base 3
-22020
What is -5 (base 11) in base 16?
-5
-1 (base 12) to base 7
-1
-63 (base 7) to base 10
-45
Convert 60 (base 8) to base 15.
33
Convert -4 (base 10) to base 13.
-4
Convert -2 (base 5) to base 15.
-2
2 (base 12) to base 3
2
What is -5 (base 11) in base 16?
-5
13 (base 9) to base 5
22
What is -14 (base 14) in base 4?
-102
Convert -1 (base 3) to base 5.
-1
What is 243 (base 8) in base 2?
10100011
2 (base 10) to base 9
2
What is -11010 (base 2) in base 10?
-26
299 (base 10) to base 7
605
What is 200 (base 4) in base 16?
20
17 (base 12) to base 15
14
What is -117 (base 10) in base 9?
-140
Convert -110 (base 3) to base 9.
-13
What is -51 (base 11) in base 12?
-48
-33 (base 10) to base 13
-27
What is 2c (base 14) in base 13?
31
-b (base 12) to base 10
-11
Convert -25 (base 14) to base 10.
-33
What is -59 (base 16) in base 8?
-131
200 (base 6) to base 2
1001000
1 (base 11) to base 13
1
42 (base 16) to base 8
102
What is -3 (base 10) in base 8?
-3
Convert 5 (base 9) to base 8.
5
What is 111110 (base 2) in base 3?
2022
Convert -3 (base 6) to base 15.
-3
-1 (base 2) to base 10
-1
What is -46 (base 13) in base 12?
-4a
Convert -22 (base 10) to base 2.
-10110
Convert 12 (base 8) to base 14.
a
Convert -108 (base 12) to base 8.
-230
0 (base 14) to base 4
0
Convert -1011 (base 3) to base 11.
-29
What is -10 (base 7) in base 5?
-12
0 (base 10) to base 5
0
What is -31 (base 4) in base 10?
-13
1111 (base 2) to base 16
f
9 (base 13) to base 12
9
What is 3 (base 10) in base 12?
3
What is -6 (base 7) in base 16?
-6
What is -1 (base 7) in base 8?
-1
What is -23 (base 11) in base 5?
-100
Convert -34 (base 12) to base 15.
-2a
Convert -28 (base 9) to base 12.
-22
-1010 (base 3) to base 14
-22
Convert -22 (base 5) to base 9.
-13
What is 8 (base 13) in base 3?
22
49 (base 10) to base 7
100
What is -d (base 16) in base 8?
-15
What is -2d (base 14) in base 13?
-32
-11 (base 2) to base 14
-3
-4 (base 7) to base 14
-4
1 (base 10) to base 15
1
-3 (base 10) to base 6
-3
Convert 6 (base 13) to base 2.
110
What is 100 (base 2) in base 3?
11
Convert -104 (base 5) to base 13.
-23
-1012 (base 3) to base 11
-2a
-1222 (base 3) to base 12
-45
Wha